3
Let i(k) = k**2 + 24*k + 28. Let x be (-568)/(-7 + 2 - -3). Suppose x + 61 = -15*b. Give i(b).
5
Let k be 2 + (3/(-9))/((-25)/225). Let x(o) = o**3 - 3*o**2 - 8*o - 8. Calculate x(k).
2
Let h(w) = -w**3 - w + 8. Let c(o) = o + 12. Let i(r) = 2*r + 15. Let m be i(-11). Let p be c(m). Let u be -1 - (-2 - p/(-5)). Give h(u).
8
Let u(j) = -35*j**2 - 31*j**2 + 63*j**2 + 20*j + 66 + 64 - j**3 - 140. What is u(-6)?
-22
Let g(r) = 3*r**2 + 9*r + 4 - 2*r**2 - 3*r. Let b be ((-34)/6 + 2 + 4)*90. Suppose -d + 24 = b. Give g(d).
4
Let f(n) be the third derivative of n**7/2520 - n**6/60 - 131*n**5/60 + 48*n**2. Let l(g) be the third derivative of f(g). Determine l(10).
8
Let q be -3*(-1)/6*0. Let o = -80 + 82. Let g(d) = 3*d**2 + 24 - 2*d**o + 697*d - 698*d. Determine g(q).
24
Let w(z) = z**2 + 1. Let p(t) = 12*t**2 + 2*t + 16. Let i(c) = -p(c) + 10*w(c). Suppose 0 = 3*g + 3*u + 3, -u - 170 + 177 = -g. What is i(g)?
-30
Let p be (16/14)/((-342)/378 + 1). Let h(f) = -10*f + 127. Determine h(p).
7
Let c(g) = -93*g**2 - 18*g + 183. Let w(o) = 121*o**2 + 24*o - 244. Let v(u) = 13*c(u) + 10*w(u). Determine v(-12).
11
Let w(n) = 187 - 530 + 151 + 32*n + 149 - 28*n. Determine w(8).
-11
Let q be (0 + 171/38)*-2. Let r(b) = -b**2 - 15*b - 35. Calculate r(q).
19
Let r = -162 - -170. Let c(f) be the second derivative of -f**6/720 + 11*f**5/120 - f**4/3 - 5*f. Let k(t) be the third derivative of c(t). Calculate k(r).
3
Suppose 20*m = 3*p + 29*m + 81, 2*m - 16 = 5*p. Let v(c) = c**3 + 9*c**2 + 9*c - 12. Give v(p).
42
Suppose -z + 18 = -0*z - 4*l, 15 = z - l. Let c(p) = -p**3 + 15*p**2 - 12*p - 32. Let f be c(z). Let a(g) = -2*g**2 - 6*g. Calculate a(f).
-8
Let j(i) be the third derivative of i**5/60 + i**3 - 22*i**2. Let k = -45 + 35. Let t(q) = -q - 10. Let f be t(k). Calculate j(f).
6
Let b(p) = 411*p**2 + 9*p + 1 + 4*p**3 - 404*p**2 - 5*p. What is b(-3)?
-56
Let w(n) = -16*n + 159. Let o be w(10). Let k(z) = 12*z**2 + z + 2. Let d(i) = 12*i**2 + 1. Let m(c) = -3*d(c) + 2*k(c). What is m(o)?
-13
Let n(p) = -p**3 + 8*p**2 + 1. Suppose -v - b + 16 = 0, -5*v + 4*v + 5*b = -40. Suppose 5*t - 8 = -5*l + 22, -2*t = -2*l + v. Calculate n(l).
1
Let y(r) = -r**3 - 4*r**2 + 4. Let b = 269 - 369. Let v be (-30)/b - (-129)/(-30). Determine y(v).
4
Let y be (1/(-2))/(1/2). Let s(x) be the first derivative of -7/3*x**3 - 129 - x**2 - x. Calculate s(y).
-6
Let m(a) = -5*a**3 + 14*a**2 + 10*a + 46. Let z(r) = -5*r**3 + 12*r**2 + 8*r + 40. Let b(d) = 6*m(d) - 7*z(d). Calculate b(1).
5
Let k(o) = -o**2 - 11*o - 9. Suppose 22*z - 23*z + 94*z = -372. Calculate k(z).
19
Let t(v) = 1090 - 42*v + 8*v - 21*v - 1726 - 16*v. Determine t(-9).
3
Let t(r) = r**3 - 7*r**2 + 9*r - 15. Let w(m) = 6*m**3 - 36*m**2 + 44*m - 75. Let k(i) = -11*t(i) + 2*w(i). Determine k(-7).
-6
Let f(n) = -n**2 - 7*n + 1. Let c(a) = a**2 + 9*a + 24. Let j be c(-7). Let p(r) = -2*r + 13. Let t be p(j). What is f(t)?
1
Let x(q) = -2*q**3 + 5*q**2 + 10*q - 1. Suppose 0 = 98*l - 97*l - 3*v + 15, -2*v + 23 = -5*l. Calculate x(l).
68
Let a = -31595 + 31606. Let i(x) = -23*x + 244. Determine i(a).
-9
Suppose 4*n - 33 = -3*t - 11, 0 = t - n + 2. Let z(d) = 674 + 0*d - 677 - d**2 + 3*d. What is z(t)?
-1
Let i(x) = 3 - 2*x + x - 2*x + 5*x. Let f(b) = 2*b**2 + 48*b - 8. Let l be f(-29). Let k = l + -285. Give i(k).
-3
Let f(p) be the first derivative of -p**4/2 - 2*p**3 + 6*p - 8813. Determine f(-4).
38
Let i(a) = -25*a**3 - a**2 + a + 1. Suppose 19*f - 25*f = -36. Let c be f/((-30)/25) - (-6 + 2). Calculate i(c).
24
Let a(w) be the first derivative of -w**2/2 + 3*w - 861. Give a(11).
-8
Let y(p) = p**3 - 6 + 3*p + 8856*p**2 + 7 + p - 8860*p**2. Let q be (-1)/2*(-4 - (4 + -2)). Calculate y(q).
4
Let p = 144107 + -144104. Suppose 7 + 8 = 3*z. Let u(k) = -5*k + 2. Let j(w) = -3*w + 1. Let r(y) = z*u(y) - 8*j(y). Give r(p).
-1
Let k(q) = 2132*q**2 + 5*q - 3*q - 2131*q**2 + 0*q - 3 + 5*q + 2*q. Let j be 9/15 - (-116)/(-10). Determine k(j).
19
Let b(s) = -4*s + 6. Let v = 1198 + -1195. What is b(v)?
-6
Let b(t) = 6*t**2 - t + 7. Let k(j) = -5*j**2 + j - 6. Let r(u) = 6*b(u) + 7*k(u). Let g(v) = -5*v**2 + 3*v + 4. Let f(h) = -g(h) - 6*r(h). Determine f(-5).
16
Let n be 261/27 + 2*(-3 + 24/9). Let r(o) = -17*o + 153. What is r(n)?
0
Let g(n) = -n. Let k(x) = x**2 - 3*x + 8. Let i(u) = -6*g(u) - k(u). Suppose 8*s + 51 - 19 = 0. Let d be s/36 - (-146)/18. Determine i(d).
0
Let m be ((191 - 3)/((-6)/(-51)))/(-2). Let f = m - -804. Let k(i) = i**3 - 5*i**2 - 4*i + 2. Give k(f).
-18
Let r(n) = 3*n - 6. Suppose -27*f - 635 = 130*f - 30*f. Calculate r(f).
-21
Let x(m) be the second derivative of -m**5/20 - m**4/6 + 7*m**3/6 + 33*m**2/2 + 4841*m. What is x(-3)?
21
Let u(p) = -10*p - 92. Let k be ((-18)/(-8))/(9 + -6 + 26/(-8)). Determine u(k).
-2
Suppose 0 = -852*b + 1692 + 199 + 665. Let v(p) = -p**2 + 8*p - 17. Calculate v(b).
-2
Let u be 28/(-1) - 90/18. Let v(g) = g**3 + 32*g**2 - 35*g - 65. Calculate v(u).
1
Suppose 16*r = -26 + 106. Let a(t) be the second derivative of 4*t**3/3 + 6*t**2 - 2*t. Let s(y) = -7*y - 10. Let n(o) = r*a(o) + 6*s(o). Determine n(-4).
8
Let o(i) = i**3 - 316*i**2 + 350*i + 325*i**2 - 12 - 368*i. Calculate o(-10).
68
Let c(p) = -p**2 + 11. Suppose -4*o - v + 10 = -0, -2*v = -2*o. Suppose -4*w + 6 = -3*d, -o*d - 2 = 2*w - d. Determine c(w).
11
Let z(a) = -11*a - 28. Let q(l) = 36*l + 92. Let w(h) = -4*q(h) - 13*z(h). Let g be 1/(((-1)/(-9))/(-1)). What is w(g)?
5
Let i(w) = w - 7. Suppose 205*j - 12 = 202*j - 3*h, -h = 2. Determine i(j).
-1
Let d(g) be the second derivative of -g**5/30 + 13*g**4/24 - g**3 + g**2 - 19*g. Let h(z) be the second derivative of d(z). Give h(4).
-3
Let t(f) = -7*f**2 - 10*f + 32. Let a(r) = 4*r**2 + 5*r - 20. Let b(z) = -5*a(z) - 3*t(z). What is b(-5)?
4
Let y(m) = 843*m + 9262. Let l be y(-11). Let g(t) = 8*t + 60. Calculate g(l).
-28
Let g = 10380 + -10377. Let r(m) = -57*m + 164. Determine r(g).
-7
Let c(a) = 35*a + 109. Let g = -5650 - -5647. What is c(g)?
4
Let y(f) be the third derivative of f**5/60 + f**4/24 - f**3/3 - 2*f**2. Let x be 225/(-3)*(-3)/9. Suppose 9 = 17*w - x. What is y(w)?
4
Suppose -v + 97 = -5*p, 3*v + 4*p = -48 + 282. Suppose -10*g = -v + 92. Let y(t) = -4*t**3 - t. Determine y(g).
5
Suppose -2*l = 22*l - 168. Let s(k) = -4*k**2 - 2*k + 1. Let t(m) = 7*m**2 + 5*m - 2. Let r(c) = l*s(c) + 3*t(c). Suppose 2*q = -3 + 1. Determine r(q).
-7
Let a(t) be the second derivative of -25*t**3/6 - 107*t**2/2 - 3141*t. Give a(-5).
18
Let w = 486 - 486. Let m(j) = 6*j - 6. Calculate m(w).
-6
Let q(z) = -z**2 + 13*z + 154. Let x be q(21). Let m(s) = 2*s + 40. Let j be m(x). Let n(y) = -y + 2. What is n(j)?
-10
Let r(c) = -5*c**2 + 2*c + 16. Let d(z) = -z**3 + 22*z**2 - 5*z - 63. Let g(y) = 3*d(y) + 11*r(y). Determine g(4).
-1
Suppose -21 = -2*z - 8*a + 3*a, 3*z + 3 = 4*a. Let j(m) be the second derivative of 0 + 4/3*m**z - 7/2*m**2 + 16*m - 1/12*m**4. Give j(5).
8
Let c(p) = -p - 22*p**3 + 28*p**3 - 1 - 2*p**2 - p**3 - p**3. Suppose 3*o - 27 = 33. Let r be 6/10 + 28/o. Calculate c(r).
21
Let p(u) = -u**3 + 8*u**2 - 9*u + 2. Suppose 8 = 2*a - 2*j, -2*j + 13 = 39*a - 38*a. Determine p(a).
-12
Let y(i) be the third derivative of -i**4/4 + 2*i**3/3 + 24969*i**2. Suppose 5*o + 2*u = -3 + 47, -5*o + 62 = -4*u. Let t be 5/(o/(-4)) - -6. Determine y(t).
-20
Let c(p) be the third derivative of -p**2 - 1/12*p**4 + 42 + 0*p - 1/40*p**6 + 0*p**5 + 1/6*p**3. Give c(1).
-4
Let d(y) = -6*y**2 - 50*y - 48. Let i(t) = -4*t**2 - 33*t - 32. Let u(c) = -5*d(c) + 8*i(c). Give u(-11).
-104
Let o(i) be the third derivative of i**6/120 - i**5/10 + i**4/4 + 2*i**3/3 - i**2. Let d(n) = -n**3 + 28. Let p be d(0). Suppose -18 = 2*a - p. What is o(a)?
9
Let x(h) = -h**2 - 9*h - 5. Let w(o) = -2*o + 13. Let m be w(5). Suppose -y + 28 = 4*r + m*y, -4*y = -5*r + 26. Let k be (-123)/12 + 2 + r/(-8). What is x(k)?
-5
Let y be 3*-1 + (-10)/1 + 3. Let q(z) = -6*z - 55. Let i be q(y). Let f(p) = -2*p**2 + 6*p - 4. Determine f(i).
-24
Let x(q) = q**3 + 3. Let i be x(0). Let y(z) = -5*z**3 - 11*z**2 + 2*z - 2. Let b(r) = 12*r**3 + 24*r**2 - 4*r + 5. Let c(g) = 3*b(g) + 7*y(g). Determine c(i).
-11
Suppose 359*b - 62 = 364*b + 4*o, -3*o + 6 = 0. Let i(q) = -q**2 - 10*q + 54. Calculate i(b).
-2
Let g = -20 - -24.